{"id":2119,"date":"2022-05-03T11:15:24","date_gmt":"2022-05-03T14:15:24","guid":{"rendered":"http:\/\/tresde.ar\/?post_type=product&#038;p=2119"},"modified":"2022-05-03T11:15:24","modified_gmt":"2022-05-03T14:15:24","slug":"emoji-carcajada-con-lagrima","status":"publish","type":"product","link":"http:\/\/tresde.ar\/?product=emoji-carcajada-con-lagrima","title":{"rendered":"Emoji carcajada con l\u00e1grima"},"content":{"rendered":"","protected":false},"excerpt":{"rendered":"<div class=\"woocommerce-product-details__short-description\">\n<div class=\"term-description\">\n<p>Dise\u00f1amos macetas para decorar ese rinc\u00f3n \u00fanico, agasajar a esa persona especial o como material promocional \u2026.<\/p>\n<p>No hay compra m\u00ednima y te ofrecemos descuento por cantidades. Tenemos una amplia variedad de colores para elegir.<\/p>\n<p>Podemos hacerlos en distintos tama\u00f1os y dise\u00f1o seg\u00fan lo precises.<\/p>\n<p><strong>Si no encuentras el modelo que precisas, consultanos y TE LO DISE\u00d1AMOS<\/strong>. El L\u00edmite es tu imaginaci\u00f3n!<\/p>\n<\/div>\n<p>Contactanos por WHATSAPP y contestaremos todas tus preguntas.<\/p>\n<p>Seguinos en Instagram para no perderte las novedades que vamos publicando. Somos\u00a0<a href=\"https:\/\/www.instagram.com\/tresde.ar\/\">@tresde.ar<\/a><\/p>\n<\/div>\n","protected":false},"featured_media":2101,"comment_status":"open","ping_status":"closed","template":"","meta":{"_mi_skip_tracking":false,"_monsterinsights_sitenote_active":false,"_monsterinsights_sitenote_note":"","_monsterinsights_sitenote_category":0},"product_cat":[98,21],"product_tag":[],"class_list":{"0":"post-2119","1":"product","2":"type-product","3":"status-publish","4":"has-post-thumbnail","6":"product_cat-emoji","7":"product_cat-macetas","9":"first","10":"instock","11":"shipping-taxable","12":"product-type-simple"},"aioseo_notices":[],"jetpack_sharing_enabled":true,"_links":{"self":[{"href":"http:\/\/tresde.ar\/index.php?rest_route=\/wp\/v2\/product\/2119","targetHints":{"allow":["GET"]}}],"collection":[{"href":"http:\/\/tresde.ar\/index.php?rest_route=\/wp\/v2\/product"}],"about":[{"href":"http:\/\/tresde.ar\/index.php?rest_route=\/wp\/v2\/types\/product"}],"replies":[{"embeddable":true,"href":"http:\/\/tresde.ar\/index.php?rest_route=%2Fwp%2Fv2%2Fcomments&post=2119"}],"version-history":[{"count":1,"href":"http:\/\/tresde.ar\/index.php?rest_route=\/wp\/v2\/product\/2119\/revisions"}],"predecessor-version":[{"id":2120,"href":"http:\/\/tresde.ar\/index.php?rest_route=\/wp\/v2\/product\/2119\/revisions\/2120"}],"wp:featuredmedia":[{"embeddable":true,"href":"http:\/\/tresde.ar\/index.php?rest_route=\/wp\/v2\/media\/2101"}],"wp:attachment":[{"href":"http:\/\/tresde.ar\/index.php?rest_route=%2Fwp%2Fv2%2Fmedia&parent=2119"}],"wp:term":[{"taxonomy":"product_cat","embeddable":true,"href":"http:\/\/tresde.ar\/index.php?rest_route=%2Fwp%2Fv2%2Fproduct_cat&post=2119"},{"taxonomy":"product_tag","embeddable":true,"href":"http:\/\/tresde.ar\/index.php?rest_route=%2Fwp%2Fv2%2Fproduct_tag&post=2119"}],"curies":[{"name":"wp","href":"https:\/\/api.w.org\/{rel}","templated":true}]}}